me factors of 139450174?
2, 69725087
What are the prime factors of 566258?
2, 7, 11, 3677
What are the prime factors of 2203532991?
3, 11, 109, 2521
List the prime factors of 2779766991.
3, 34318111
What are the prime factors of 41505422?
2, 7, 193, 15361
List the prime factors of 647507764.
2, 17, 19, 167, 3001
What are the prime factors of 1052544634?
2, 19, 101, 274243
List the prime factors of 334800205.
5, 53, 277, 4561
List the prime factors of 724103539.
163, 241, 18433
List the prime factors of 27645273.
3, 31, 33029
List the prime factors of 41606010.
2, 3, 5, 19, 29, 839
List the prime factors of 154536700.
2, 5, 1545367
List the prime factors of 121412799.
3, 37, 149, 2447
List the prime factors of 88205953.
11, 173, 46351
List the prime factors of 400903540.
2, 5, 29, 167, 4139
List the prime factors of 1150208552.
2, 271, 530539
What are the prime factors of 93191980?
2, 5, 7, 193, 3449
What are the prime factors of 40964868?
2, 3, 7, 149, 1091
List the prime factors of 1235274985.
5, 7, 491, 71881
List the prime factors of 17909627.
59, 303553
What are the prime factors of 928339713?
3, 7, 269, 54779
What are the prime factors of 169194568?
2, 21149321
List the prime factors of 2546943626.
2, 1019, 1249727
What are the prime factors of 107005355?
5, 21401071
List the prime factors of 534363973.
11, 13, 223, 1289
What are the prime factors of 190659788?
2, 11, 23, 293, 643
What are the prime factors of 123164325?
3, 5, 547397
List the prime factors of 51429319.
4603, 11173
What are the prime factors of 3505486057?
641, 1237, 4421
What are the prime factors of 149563344?
2, 3, 7, 31, 83, 173
What are the prime factors of 75935943?
3, 8437327
What are the prime factors of 100228052?
2, 25057013
What are the prime factors of 137172734?
2, 113, 606959
List the prime factors of 2447921903.
7, 383, 913063
What are the prime factors of 113321737?
113321737
What are the prime factors of 267919006?
2, 613, 218531
What are the prime factors of 22481930?
2, 5, 1399, 1607
List the prime factors of 4641053607.
3, 157, 3284539
List the prime factors of 28978040.
2, 5, 7, 13, 19, 419
List the prime factors of 1149128345.
5, 17, 43, 314399
List the prime factors of 102924073.
7, 1123, 13093
List the prime factors of 841351148.
2, 11, 17, 149, 7549
What are the prime factors of 4524493334?
2, 2262246667
List the prime factors of 34009044.
2, 3, 17, 43, 3877
List the prime factors of 635479746.
2, 3, 11, 41, 73, 3217
What are the prime factors of 493543872?
2, 3, 856847
What are the prime factors of 3156108215?
5, 13, 3529, 13759
What are the prime factors of 595561718?
2, 617, 482627
List the prime factors of 371102237.
11, 53, 636539
What are the prime factors of 14602662?
2, 3, 811259
List the prime factors of 312938893.
31, 151, 66853
List the prime factors of 760878925.
5, 61, 498937
What are the prime factors of 5765665?
5, 223, 5171
What are the prime factors of 1287601717?
1287601717
List the prime factors of 135002063.
7, 1063, 18143
What are the prime factors of 381021897?
3, 41, 3097739
What are the prime factors of 311678484?
2, 3, 13, 1997939
List the prime factors of 27878351.
17, 311, 5273
What are the prime factors of 1425893153?
1425893153
What are the prime factors of 919617782?
2, 29, 41, 386719
What are the prime factors of 389874118?
2, 47, 4147597
What are the prime factors of 28729102?
2, 19, 39791
What are the prime factors of 1553954049?
3, 172661561
List the prime factors of 42818203.
23, 1861661
What are the prime factors of 205852523?
205852523
What are the prime factors of 1256833175?
5, 13, 29, 133351
List the prime factors of 2514541659.
3, 7, 43, 2784653
What are the prime factors of 2254426963?
2254426963
List the prime factors of 3559241773.
83, 827, 51853
What are the prime factors of 1075643721?
3, 119515969
List the prime factors of 73670312.
2, 9208789
List the prime factors of 3620456985.
3, 5, 31, 251159
List the prime factors of 819269854.
2, 13, 19, 1658441
What are the prime factors of 25253983?
19, 29, 45833
What are the prime factors of 6921583?
6921583
List the prime factors of 20845105.
5, 373, 11177
List the prime factors of 1795544607.
3, 17, 35206757
List the prime factors of 85510592.
2, 1336103
What are the prime factors of 355292880?
2, 3, 5, 41, 36107
What are the prime factors of 303687630?
2, 3, 5, 23, 16301
List the prime factors of 152436186.
2, 3, 7, 1209811
List the prime factors of 112370998.
2, 29, 37, 52363
What are the prime factors of 973955263?
23, 131, 323251
What are the prime factors of 637806459?
3, 17, 19, 658211
What are the prime factors of 1238286818?
2, 107, 5786387
What are the prime factors of 1795857?
3, 7, 85517
List the prime factors of 294533779.
2099, 140321
List the prime factors of 297539636.
2, 74384909
What are the prime factors of 23180539?
41, 565379
List the prime factors of 3674253.
3, 11, 111341
What are the prime factors of 928210791?
3, 309403597
List the prime factors of 169118476.
2, 83, 509393
What are the prime factors of 766976145?
3, 5, 13, 37, 106303
What are the prime factors of 10161057?
3, 3387019
List the prime factors of 51506225.
5, 2060249
What are the prime factors of 216765322?
2, 43, 421, 5987
List the prime factors of 6643830049.
421, 15781069
What are the prime factors of 1065190436?
2, 266297609
What are the prime factors of 89903413?
89903413
What are the prime factors of 17523998?
2, 8761999
List the prime factors of 704905541.
23, 30648067
List the prime factors of 45433718.
2, 11, 2065169
List the prime factors of 43227628.
2, 10806907
What are the prime factors of 65554317?
3, 43, 233, 727
List the prime factors of 132010617.
3, 31, 1419469
What are the prime factors of 45659952?
2, 3, 13, 24391
List the prime factors of 54114933.
3, 31, 311, 1871
List the prime factors of 12144800.
2, 5, 17, 19, 47
List the prime factors of 3945903223.
19, 109, 461, 4133
What are the prime factors of 402496391?
11, 47, 778523
List the prime factors of 572355507.
3, 17, 463, 24239
What are the prime factors of 196515410?
2, 5, 7, 13, 17, 12703
List the prime factors of 5539871595.
3, 5, 29, 12735337
What are the prime factors of 40620605?
5, 2089, 3889
List the prime factors of 82628946.
2, 3, 29, 158293
List the prime factors of 623920359.
3, 2677, 77689
List the prime factors of 7086486945.
3, 5, 41, 11522743
List the prime factors of 4885296117.
3, 13, 23, 113, 48197
List the prime factors of 2288080807.
139, 16461013
What are the prime factors of 2454830133?
3, 7, 7039, 16607
What are the prime factors of 1486316?
2, 13, 101, 283
What are the prime factors of 299034597?
3, 19, 59, 88919
List the prime factors of 29163205.
5, 5832641
List the prime factors of 29869874.
2, 83, 179939
List the prime factors of 1383260122.
2, 691630061
What are the prime factors of 820538804?
2, 8209, 24989
List the prime factors of 647853249.
3, 215951083
What are the prime factors of 4000513559?
7, 17, 33617761
What are the prime factors of 59104134?
2, 3, 83, 13187
List the prime factors of 393251711.
139, 449, 6301
What are the prime factors of 1223296663?
1223296663
List the prime factors of 1188453690.
2, 3, 5, 37, 356893
List the prime factors of 3442166058.
2, 3, 573694343
What are the prime factors of 5379138306?
2, 3, 298841017
What are the prime factors of 255569061?
3, 11, 59, 11933
List the prime factors of 208754707.
7, 311, 95891
What are the prime factors of 2938996160?
2, 5, 433, 21211
What are the prime factors of 32791111?
337, 97303
What are the prime factors of 32217813?
3, 151, 157
What are the prime factors of 91075479?
3, 11, 1483, 1861
List the prime factors of 140612113.
163, 862651
What are the prime factors of 315754339?
5003, 63113
List the prime factors of 112114119.
3, 13, 2874721
List the prime factors of 989879750.
2, 5, 23, 172153
List the prime factors of 9168444.
2, 3, 23, 3691
List the prime factors of 77675715.
3, 5, 13, 23, 251
List the prime factors of 7390452049.
31, 2371, 100549
What are the prime factors of 7510465?
5, 1502093
What are the prime factors of 457885979?
457885979
What are the prime factors of 13620880?
2, 5, 7, 13, 1871
What are the prime factors of 393883279?
1367, 288137
What are the prime factors of 78